der when 869757 is divided by 54359?
13
What is the remainder when 450091 is divided by 17?
16
What is the remainder when 302248 is divided by 1574?
40
What is the remainder when 36123 is divided by 81?
78
What is the remainder when 15378 is divided by 1019?
93
What is the remainder when 4286 is divided by 390?
386
What is the remainder when 4366 is divided by 139?
57
Calculate the remainder when 63263 is divided by 990.
893
What is the remainder when 17561 is divided by 33?
5
Calculate the remainder when 5673 is divided by 23.
15
Calculate the remainder when 151179 is divided by 1281.
21
Calculate the remainder when 899 is divided by 257.
128
What is the remainder when 4560 is divided by 570?
0
What is the remainder when 640695 is divided by 41?
29
What is the remainder when 84736 is divided by 13?
2
What is the remainder when 162925 is divided by 23271?
28
What is the remainder when 5181 is divided by 476?
421
What is the remainder when 44 is divided by 11?
0
What is the remainder when 13701 is divided by 6742?
217
What is the remainder when 3328 is divided by 283?
215
Calculate the remainder when 83891 is divided by 41942.
7
Calculate the remainder when 4060135 is divided by 490.
485
Calculate the remainder when 2178 is divided by 1.
0
What is the remainder when 838317 is divided by 803?
788
What is the remainder when 1925 is divided by 818?
289
What is the remainder when 1943 is divided by 1822?
121
Calculate the remainder when 3901 is divided by 203.
44
Calculate the remainder when 8609 is divided by 234.
185
Calculate the remainder when 211516 is divided by 105747.
22
What is the remainder when 4152 is divided by 525?
477
What is the remainder when 8818 is divided by 420?
418
What is the remainder when 26102 is divided by 23?
20
What is the remainder when 8011 is divided by 7903?
108
Calculate the remainder when 24241 is divided by 341.
30
Calculate the remainder when 262726 is divided by 39.
22
Calculate the remainder when 118577 is divided by 1210.
1207
What is the remainder when 1482 is divided by 112?
26
Calculate the remainder when 868 is divided by 587.
281
What is the remainder when 31108 is divided by 264?
220
Calculate the remainder when 15690 is divided by 177.
114
Calculate the remainder when 127942 is divided by 182.
178
Calculate the remainder when 15160 is divided by 77.
68
Calculate the remainder when 15142 is divided by 2687.
1707
Calculate the remainder when 185504 is divided by 4216.
0
Calculate the remainder when 24556 is divided by 117.
103
What is the remainder when 4528 is divided by 36?
28
Calculate the remainder when 47498 is divided by 83.
22
What is the remainder when 36757 is divided by 360?
37
Calculate the remainder when 50175 is divided by 176.
15
Calculate the remainder when 81835 is divided by 82.
81
Calculate the remainder when 34573 is divided by 91.
84
Calculate the remainder when 1458258 is divided by 170.
168
Calculate the remainder when 6503 is divided by 167.
157
What is the remainder when 37867 is divided by 264?
115
Calculate the remainder when 14085 is divided by 3317.
817
Calculate the remainder when 6465 is divided by 29.
27
What is the remainder when 2699 is divided by 266?
39
Calculate the remainder when 392523 is divided by 98123.
31
What is the remainder when 307475 is divided by 117?
116
What is the remainder when 1187310 is divided by 56?
54
What is the remainder when 2146 is divided by 206?
86
Calculate the remainder when 1551 is divided by 504.
39
Calculate the remainder when 198372 is divided by 362.
358
What is the remainder when 907 is divided by 501?
406
What is the remainder when 19589 is divided by 15?
14
Calculate the remainder when 35932 is divided by 339.
337
What is the remainder when 43845 is divided by 141?
135
Calculate the remainder when 4511 is divided by 1495.
26
What is the remainder when 19852 is divided by 39?
1
What is the remainder when 802 is divided by 148?
62
What is the remainder when 13319 is divided by 83?
39
Calculate the remainder when 24635 is divided by 8206.
17
What is the remainder when 1327 is divided by 74?
69
What is the remainder when 121504 is divided by 60741?
22
Calculate the remainder when 16082 is divided by 35.
17
Calculate the remainder when 2599 is divided by 858.
25
What is the remainder when 7202 is divided by 116?
10
What is the remainder when 93780 is divided by 43?
40
What is the remainder when 7546 is divided by 43?
21
Calculate the remainder when 96060 is divided by 96038.
22
Calculate the remainder when 15759 is divided by 71.
68
Calculate the remainder when 1673157 is divided by 12.
9
Calculate the remainder when 497876 is divided by 201.
200
Calculate the remainder when 41452 is divided by 140.
12
Calculate the remainder when 35165 is divided by 23.
21
What is the remainder when 6942 is divided by 556?
270
Calculate the remainder when 14427 is divided by 245.
217
What is the remainder when 8240 is divided by 1639?
45
What is the remainder when 1041 is divided by 93?
18
What is the remainder when 117149 is divided by 1233?
14
What is the remainder when 143870 is divided by 23976?
14
What is the remainder when 3416 is divided by 584?
496
Calculate the remainder when 627831 is divided by 327.
318
Calculate the remainder when 165258 is divided by 41311.
14
Calculate the remainder when 11333 is divided by 8.
5
What is the remainder when 8398 is divided by 166?
98
Calculate the remainder when 711 is divided by 53.
22
What is the remainder when 8584 is divided by 106?
104
Calculate the remainder when 339607 is divided by 113170.
97
Calculate the remainder when 91739 is divided by 330.
329
What is the remainder when 412721 is divided by 385?
1
Calculate the remainder when 382 is divided by 313.
69
What is the remainder when 3069 is divided by 1021?
6
What is the remainder when 18814 is divided by 35?
19
Calculate the remainder when 11830 is divided by 514.
8
Calculate the remainder when 4057 is divided by 340.
317
Calculate the remainder when 952 is divided by 137.
130
Calculate the remainder when 406 is divided by 139.
128
What is the remainder when 1822 is divided by 540?
202
Calculate the remainder when 7079 is divided by 33.
17
Calculate the remainder when 127460 is divided by 30.
20
What is the remainder when 5381 is divided by 235?
211
What is the remainder when 120246 is divided by 687?
21
What is the remainder when 5642 is divided by 380?
322
Calculate the remainder when 397 is divided by 147.
103
Calculate the remainder when 129144 is divided by 1304.
48
Calculate the remainder when 2845 is divided by 721.
682
Calculate the remainder when 5475 is divided by 248.
19
What is the remainder when 21230 is divided by 29?
2
Calculate the remainder when 119268 is divided by 70.
58
What is the remainder when 29580 is divided by 55?
45
What is the remainder when 247 is divided by 207?
40
What is the remainder when 3852 is divided by 1174?
330
Calculate the remainder when 423070 is divided by 226.
224
Calculate the remainder when 19596 is divided by 41.
39
Calculate the remainder when 1471 is divided by 534.
403
What is the remainder when 372013 is divided by 123991?
40
What is the remainder when 17569 is divided by 17549?
20
What is the remainder when 566 is divided by 108?
26
Calculate the remainder when 3125 is divided by 162.
47
Calculate the remainder when 228076 is divided by 204.
4
Calculate the remainder when 4367 is divided by 1141.
944
Calculate the remainder when 9936 is divided by 9922.
14
Calculate the remainder when 4683 is divided by 108.
39
What is the remainder when 521 is divided by 448?
73
Calculate the remainder when 652570 is divided by 547.
546
Calculate the remainder when 13151 is divided by 2124.
407
What is the remainder when 72661 is divided by 351?
4
What is the remainder when 350889 is divided by 10?
9
Calculate the remainder when 40212 is divided by 419.
407
What is the remainder when 6576 is divided by 228?
192
What is the remainder when 35977 is divided by 35974?
3
What is the remainder when 6906 is divided by 44?
42
Calculate the remainder when 122378 is divided by 339.
338
What is the remainder when 81672 is divided by 1184?
1160
What is the remainder when 178152 is divided by 562?
560
What is the remaind